of 20 and 37457990?
10
What is the greatest common divisor of 540 and 65606625?
135
What is the highest common factor of 1220480 and 30496?
32
Calculate the greatest common divisor of 70577118 and 54.
18
What is the greatest common factor of 492610 and 340?
10
What is the greatest common factor of 20982 and 3946230?
1614
What is the highest common factor of 10425 and 2444315?
695
Calculate the greatest common factor of 9176970 and 88770.
330
Calculate the highest common divisor of 77643945 and 9.
9
What is the greatest common divisor of 40 and 345194?
2
Calculate the highest common divisor of 945 and 7312005.
135
What is the greatest common factor of 161 and 29834749?
161
What is the greatest common factor of 360929799 and 11214?
801
Calculate the greatest common divisor of 685968 and 5952.
1488
Calculate the highest common factor of 2045 and 360244746.
409
What is the greatest common factor of 3676020 and 18349?
311
What is the greatest common divisor of 10550754 and 54?
18
What is the greatest common factor of 57120 and 3129?
21
Calculate the highest common factor of 81 and 64559079.
27
What is the highest common factor of 43 and 98315716?
43
What is the highest common factor of 13386424 and 5725?
229
Calculate the greatest common divisor of 30 and 4410930.
30
What is the greatest common factor of 11445254 and 17536?
274
Calculate the greatest common divisor of 115101 and 21721.
203
Calculate the highest common divisor of 123 and 56375.
41
What is the highest common divisor of 5064291 and 36?
9
What is the highest common divisor of 4401 and 321342927?
489
Calculate the greatest common factor of 106885047 and 12.
3
Calculate the greatest common factor of 3325162 and 2.
2
What is the highest common factor of 146073694 and 130?
26
What is the highest common divisor of 94920417 and 97?
97
Calculate the greatest common divisor of 1673580 and 50.
10
What is the greatest common divisor of 848227 and 1?
1
Calculate the greatest common factor of 345958 and 163426.
82
Calculate the highest common divisor of 93186 and 82398.
186
What is the highest common factor of 26531202 and 1422?
474
Calculate the highest common factor of 5521552 and 205.
41
What is the highest common divisor of 913957 and 1672?
209
Calculate the greatest common factor of 103096598 and 66.
22
Calculate the highest common divisor of 301833 and 8505.
189
What is the highest common factor of 7 and 131073509?
7
What is the greatest common divisor of 7371517 and 2949?
983
What is the greatest common factor of 32 and 2355392?
32
What is the greatest common divisor of 13214044 and 27436?
1444
What is the highest common factor of 157167 and 11331?
9
Calculate the highest common divisor of 74390074 and 1089.
121
What is the greatest common factor of 28351281 and 21?
21
What is the greatest common factor of 14 and 9373378?
14
What is the greatest common divisor of 3344 and 5866839?
209
Calculate the highest common factor of 15513536 and 160.
32
Calculate the highest common divisor of 759356 and 107978.
26
Calculate the greatest common divisor of 335 and 96796307.
67
Calculate the highest common divisor of 49546 and 24496958.
7078
What is the highest common factor of 2547 and 3590704?
283
What is the greatest common factor of 402270 and 42?
6
Calculate the greatest common factor of 8268798 and 41.
41
What is the highest common divisor of 297 and 106444233?
27
Calculate the greatest common factor of 11909962 and 68.
34
Calculate the highest common divisor of 2000 and 14276500.
500
Calculate the greatest common factor of 17568 and 285658608.
2928
What is the highest common divisor of 12 and 450677196?
12
What is the highest common divisor of 6 and 5195742?
6
Calculate the greatest common factor of 517783 and 12761.
7
Calculate the greatest common factor of 10512914 and 8104.
2026
What is the highest common divisor of 525737 and 52337?
263
What is the highest common factor of 16912090 and 533?
533
What is the greatest common factor of 77368 and 665228?
76
Calculate the highest common factor of 775157580 and 2160.
540
What is the greatest common factor of 447 and 1865973?
3
Calculate the highest common factor of 15741660 and 1518.
1518
Calculate the highest common divisor of 14807 and 2040935.
221
Calculate the greatest common factor of 2312 and 173627732.
1156
Calculate the greatest common divisor of 14415893 and 6446.
293
Calculate the greatest common divisor of 7413135 and 1140.
285
What is the greatest common factor of 26 and 6084520?
26
What is the highest common divisor of 5063 and 5336236?
83
What is the greatest common factor of 45019080 and 1530?
90
What is the highest common divisor of 7619763 and 2364?
591
What is the greatest common divisor of 830574 and 72?
18
Calculate the highest common divisor of 714 and 2184823.
17
What is the highest common divisor of 27232 and 10934832?
592
What is the highest common factor of 27632 and 1976944?
2512
Calculate the highest common factor of 5102 and 11790.
2
What is the highest common factor of 816 and 106444392?
24
Calculate the highest common divisor of 10988 and 795892.
164
What is the greatest common divisor of 507 and 231265515?
507
Calculate the greatest common divisor of 473100 and 97375.
475
Calculate the greatest common factor of 2500958964 and 28.
28
Calculate the greatest common factor of 1598 and 495941.
17
What is the highest common divisor of 41460828 and 246?
6
What is the highest common divisor of 30834072 and 1176?
24
What is the greatest common divisor of 236 and 396373918?
118
What is the greatest common factor of 359311012 and 4?
4
What is the greatest common divisor of 32843968 and 704?
64
Calculate the highest common factor of 8804475 and 2071.
109
Calculate the highest common divisor of 31 and 14235882.
31
What is the highest common divisor of 105 and 162386637?
21
What is the highest common divisor of 314823 and 608685?
51
What is the highest common divisor of 3099 and 239756201?
1033
What is the greatest common factor of 291388284 and 36?
36
Calculate the greatest common factor of 6726 and 534894.
354
What is the greatest common factor of 845 and 994520215?
845
What is the highest common divisor of 8272053 and 555?
111
What is the greatest common factor of 21 and 8507373?
21
What is the greatest common factor of 1900073 and 561?
17
Calculate the greatest common factor of 44337293 and 44.
11
What is the highest common factor of 550 and 67955250?
550
What is the highest common factor of 3503181 and 3652?
913
Calculate the greatest common factor of 76572 and 116316.
108
What is the highest common factor of 90030 and 20037677?
3001
Calculate the greatest common divisor of 1461240 and 4.
4
Calculate the highest common divisor of 50 and 36055.
5
Calculate the greatest common divisor of 312612 and 15132.
12
Calculate the highest common divisor of 73577 and 3738.
7
Calculate the greatest common factor of 1898 and 222534.
26
What is the highest common factor of 50868 and 5043468?
1884
Calculate the highest common factor of 248 and 232286472.
248
Calculate the highest common factor of 603 and 6900354.
9
Calculate the greatest common divisor of 20727 and 127484868.
6909
What is the greatest common factor of 559 and 7979569?
13
Calculate the greatest common divisor of 2272363 and 426498.
2293
What is the highest common factor of 190216 and 357422?
1534
Calculate the highest common divisor of 48451385 and 15.
5
What is the greatest common divisor of 146265253 and 1345?
269
Calculate the greatest common factor of 44 and 2555119556.
44
What is the highest common divisor of 16 and 955032?
8
Calculate the highest common factor of 437265 and 172299.
237
What is the highest common factor of 12 and 32801766?
6
Calculate the highest common divisor of 33 and 8275769.
1
Calculate the highest common divisor of 4740 and 255624.
12
Calculate the greatest common factor of 428224 and 12224.
64
Calculate the greatest common factor of 150 and 19499982.
6
Calculate the highest common factor of 979 and 118599.
1
Calculate the highest common divisor of 450 and 2722554.
18
What is the highest common divisor of 58120 and 122620?
20
What is the greatest common divisor of 1413866 and 587614?
2566
What is the highest common factor of 165 and 5979615?
15
